uppose 2*b + d + 3*d - 250 = 0, -4*d - p = -b. Is b prime?
False
Let l(h) = h. Let p be l(8). Let v = 9 - p. Is (762/(-12))/(v/(-2)) a composite number?
False
Suppose 0 = -i + 1957 + 12072. Is i a composite number?
False
Let f(a) = a**3 + 10*a**2 - 2*a + 13. Suppose 0*t = 3*t - 672. Let g be (-2)/(-3) + t/(-21). Is f(g) composite?
True
Suppose -2*m = -7 - 1. Is 69/2*((-200)/(-12) - m) a prime number?
False
Let o be 61/7 + 2/7. Let r(z) = 0 - 3*z + 46*z - 10 - 4. Is r(o) prime?
True
Suppose 21039 = -9*c + 3201. Is (-2 - (-7 - -4))/((-2)/c) prime?
True
Let r(m) = 636*m + 43. Is r(6) prime?
False
Suppose -41*n + 1082668 = 202931. Is n a composite number?
True
Let n = -23496 - -49805. Is n prime?
True
Suppose 9*y + h - 11 = 4*y, 3*y - 21 = 3*h. Suppose -863 = -y*p - 4*u, 2*p - 38 - 568 = 5*u. Is p a prime number?
True
Suppose -4*u + 28514 = -21242. Is u composite?
True
Suppose -3*d - 4 = 5. Let u(m) = m**2 + 2*m + 3. Let k be u(d). Suppose 0 = -3*z + k*z - 201. Is z composite?
False
Let l(t) = -t + 17. Let h(p) = -8. Let s(x) = 7*h(x) + 3*l(x). Let d be s(-4). Let a(m) = 9*m**2 - 10*m. Is a(d) composite?
True
Let i(s) = s**3 + 2*s**2 + 2*s - 7. Let c(k) = -4*k**3 - k**2 + k. Let o be c(1). Let h be i(o). Let u = -28 - h. Is u prime?
True
Let d be 12/78 + (-48)/(-26). Let l(w) = 2*w - 6 + 2*w**2 + 2*w**2 + 2*w + d*w. Is l(-8) a prime number?
False
Suppose -3*u = r - 36 - 116, 25 = -5*u. Is r a composite number?
False
Let w = 8588 - 5985. Is w a composite number?
True
Let t = 31468 + -13739. Is t composite?
False
Suppose 0 = 3*l - 46947 + 9576. Is l a prime number?
True
Suppose r = -2*r + 19836. Suppose -u = -5*u + r. Is (3/(-9))/((-1)/u) a prime number?
False
Suppose -4*g = -4*u - 3780, 2*u - 594 = g - 1541. Is g a composite number?
True
Suppose 2*d + 18 = 4*j - 3*d, -2*j + 3*d = -10. Suppose 0 = -j*x + 6, c - 5*x + 12 = -0*x. Suppose -c*o + 28 + 50 = 0. Is o composite?
True
Suppose -5*s + 515 = z - 404, -z = -3*s - 919. Is z a composite number?
False
Let o = -14 - -20. Let k(v) = 5*v**3 - 5*v**2 - 5*v + 8. Is k(o) a composite number?
True
Let k = -3 - 12. Is ((-2)/(-4))/(k/(-4710)) composite?
False
Let b = -6 - -10. Suppose 2*x - 1599 = -3*i, -b*x - i + 2811 = -412. Is x a composite number?
True
Let j be (-6)/(-8)*10*(-598)/(-69). Suppose 5*o - 5*a + 35 = -0*a, -o = 3*a + 27. Let z = j + o. Is z a prime number?
True
Let n = -7 + 11. Let k = n + -7. Is 2/((-12)/1834)*k a composite number?
True
Suppose -893 = -w + 4*v, 0 = 2*v - 0 - 4. Is w a prime number?
False
Let l(y) = 872*y + 265. Is l(6) a composite number?
True
Is (-6750 - 11)/((-1)/11) prime?
False
Suppose 3*o + 12398 = x, -x - 2*x + o = -37162. Suppose -x + 3176 = -10*f. Is f composite?
True
Let f(j) = 8*j**3 - 3*j**3 - 5*j**2 + 8*j**2 + 13 - 7*j + 19*j. Is f(8) prime?
True
Let f = 18 - 18. Suppose 0 = z + 7 - f. Is (0 - z)/(3/87) a composite number?
True
Suppose 5*z + 3*r = 0, -z + 5*z = -2*r + 2. Suppose l + z*l = 372. Suppose -2*u = u - l. Is u composite?
False
Let q(v) = 150*v**2 - 2*v + 1. Let s be q(1). Suppose 0 = -5*r + 669 - s. Suppose 22 + r = 2*b + 4*a, -3*a - 91 = -2*b. Is b a composite number?
False
Is (23/3)/(-4 - 98225/(-24555)) a composite number?
True
Let t = 4955 + -10234. Let x = t - -7932. Is x prime?
False
Let c = 75 + 10. Suppose 2*p + p = -3*x + 63, -c = -4*p - 3*x. Is 4/p - 19735/(-55) composite?
False
Is 3*38679/27*3 prime?
True
Is (-2)/((28/42)/(3622/(-6))) a prime number?
True
Suppose -3 - 1 = 4*l. Let s be l/1 - (-2 - -1). Suppose -4*o = -7*o + 12, 5*d - 5*o - 1225 = s. Is d prime?
False
Let j = 19 - 18. Let c(i) = 3*i + 1. Let a be c(j). Suppose -a*r + 354 = -0*r - 2*m, 3*m + 258 = 3*r. Is r a prime number?
False
Is -11 - (-400)/35 - 204576/(-14) a prime number?
False
Let z be (1*(-4)/(-12)*0)/(-2). Let q = 15 + -13. Suppose q*j = -l + 61, z = 5*j + 1 - 6. Is l a prime number?
True
Let z = -1191 + 8194. Is z a composite number?
True
Let j be ((-2)/(-2) - -412)*3. Suppose -j = -z + p, 5*z - 3*p - 32 = 6167. Is z composite?
True
Let p(h) = -200*h - 41. Suppose 0 = 2*y + 29 - 7. Is p(y) prime?
False
Suppose -930*t = -926*t - 35436. Is t a prime number?
False
Let a = 819 + -414. Let h = -214 + a. Suppose -6*i - h + 3125 = 0. Is i a prime number?
False
Let v(r) = 11*r - 5 - 2 - 6 + 3. Let q be v(10). Let b = 487 + q. Is b a prime number?
True
Let v(z) = 92*z**2 - z + 24. Suppose 5*m = -r, 1 = -4*m + 5. Is v(r) prime?
False
Let f(i) = -361*i - 49. Let g(w) = -722*w - 98. Let k(r) = -5*f(r) + 2*g(r). Is k(10) a prime number?
True
Suppose 5*j = 7673 - 958. Is j prime?
False
Let k be 30/(-9)*3048/(-20). Let x = -3 + 6. Suppose x*o = -o + k. Is o a composite number?
False
Suppose 3*v = -0*v - 18. Is v - -2 - (4 - 475) a prime number?
True
Let y(v) be the first derivative of v**3/3 - v**2/2 + 356*v - 2. Let x be y(0). Suppose x = 4*d - 0*d. Is d a composite number?
False
Suppose 4*d + 1800 = 6*d. Suppose -4854 = -6*w - d. Is w prime?
True
Let s(b) = 11*b**2 + b - b**3 + 16 + 3 - 24. Let a be 0 + 9 - 8/(-4). Is s(a) prime?
False
Let v(u) = -175*u**3 + 3*u**2 - 5*u - 6. Let z(i) = -87*i**3 + i**2 - 2*i - 3. Let j(q) = -2*v(q) + 5*z(q). Is j(-2) a composite number?
False
Suppose -d - 4*i = -1515, -96*d + 100*d + 3*i - 6047 = 0. Is d a prime number?
True
Let g(x) = x**2 + 13*x - 11. Is g(11) composite?
True
Let y be (-5 - (-6 + -2)) + 13*5. Let b = y + -35. Is b a composite number?
True
Suppose -8*y - y = -45. Suppose -5*d - 7840 = -y*p, -d - 1276 = -2*p + 1855. Is p a composite number?
True
Suppose 2*f - 1 = -3*w, f + 3*w - 8*w - 7 = 0. Suppose -2*h + 4 = 0, -f*h + 26 = 5*b + h. Is b/(-6) - 879/(-9) a prime number?
True
Let y = 20 + -28. Let c be (-1450)/(-4)*y/(-10). Suppose 11*a = 6*a + c. Is a a composite number?
True
Let u(f) = -f + 6. Let x be u(14). Is 2*-1*(3 - (-2716)/x) a composite number?
False
Is (-33)/121 + 5036360/77 a composite number?
False
Suppose -3 = -3*b + 2*o, 2*b - 3*o = -0*b - 3. Suppose -a + 4*s + 22 = 0, 2*s - 16 = -2*a + b*s. Suppose -l + 2*l - a = 0. Is l a composite number?
True
Let x(v) = 350*v**3 - v**2 - v + 2. Suppose -2 = 2*d - 4. Let h be x(d). Let g = h - 49. Is g a prime number?
False
Let x = -93 - -143. Let a be x/(-8) - (-5)/20. Is (a - -4) + (331 - -2) a composite number?
False
Suppose -26*j - 98665 = -628259. Is j a prime number?
True
Let i(n) = 40*n**2 - 14*n - 3. Is i(-14) prime?
False
Suppose 2*c + u - 22 = 0, -u = -4*c + 2*u + 34. Let l be c/35 + (-3196)/14. Is (l/(-36))/(2/6) composite?
False
Suppose -2*m = -2*j - 32, 2*m + 4*j - 37 = 13. Suppose -m*g = -23*g + 1556. Is g a composite number?
False
Let i(f) = 1852*f - 2. Let w be i(1). Let t = w - 1296. Is t composite?
True
Suppose 91*z = 32*z + 215881. Is z prime?
True
Suppose 17598 = 5*w - 5177. Is w prime?
False
Suppose -3*d = -5*s + 5 + 13, s = -4*d - 1. Suppose -3*k = s*x - 9, 7*k - 11 = -x + 2*k. Is (53 + 0 + 0)*x a prime number?
True
Suppose -229962 = -10*o - 91612. Is o composite?
True
Let v(n) = -n**2 + 40. Let j be v(0). Let t = j + -15. Is 3/5 - (-11060)/t prime?
True
Suppose -3*b + 46 = -4*w, w = 3*w - 5*b + 30. Let z be (-5)/(-25) + 712/w. Let s = -34 - z. Is s prime?
True
Is (-13 + -2)/3 + 2614 a composite number?
False
Suppose -2*f + 4*r + 330 + 786 = 0, -4*r + 12 = 0. Is (f/(-3) + -3)*-1 a composite number?
False
Suppose -32*d + 312108 = -20*d. Is d a composite number?
True
Suppose 0 = 4*a + 5*q - 17045, 3 + 3 = -2*q. Is a composite?
True
Suppose 49 = 5*q - 2*i + 5*i, i - 19 = -2*q. Suppose 2*o + 8 = 4*h, -3*o - 2*h = 2*h - q. Suppose o = -d - d + 406. Is d a composite number?
True
Suppose 0 = -4*b - 4*j + 4180, 4*b + 5*j - 2187 = 1989. Suppose -10*t = -11*t + b. Is t prime?
True
Let q(p) be the second derivative of 19/12*p**4 + 1/3*p**3 + 0 - 10*p + 3*p**2. Is q(5) a composite number?
False
Let v = -18 + 20. Suppose -k = v*k - 3*w - 1653, 3*w + 2207 = 4*k. Is k a prime number?
False
Let s = -13548 - -40871. Is s a prime number?
False
Suppose -15*n = -5*n - 20. Suppose -4*z + 12 = -0*z, -5*w + 8191 = n*z. Is w prime?
True
Let f = -4135 - -7512. Is f a composite number?
True
Suppose -5 = -2*r - 0*g - g, r - g - 4 = 0. Let y be 4/6*r + 337. Is 12/(-8) + y/6 prime?
False
Let q(c) = -13*c**2 + 7. Let w = -36 - -31. Let s be q(w). Let r = -173 - s. Is r a composite nu